ided by 90?
37
Calculate the remainder when 115 is divided by 63.
52
Calculate the remainder when 131 is divided by 2.
1
What is the remainder when 11 is divided by 5?
1
What is the remainder when 58 is divided by 9?
4
Calculate the remainder when 186 is divided by 174.
12
What is the remainder when 545 is divided by 130?
25
What is the remainder when 739 is divided by 62?
57
What is the remainder when 208 is divided by 43?
36
What is the remainder when 730 is divided by 144?
10
Calculate the remainder when 382 is divided by 77.
74
Calculate the remainder when 6818 is divided by 96.
2
Calculate the remainder when 3301 is divided by 28.
25
What is the remainder when 9453 is divided by 155?
153
Calculate the remainder when 61 is divided by 55.
6
Calculate the remainder when 7690 is divided by 55.
45
Calculate the remainder when 642 is divided by 38.
34
What is the remainder when 304 is divided by 18?
16
What is the remainder when 16667 is divided by 211?
209
What is the remainder when 271 is divided by 226?
45
What is the remainder when 72 is divided by 31?
10
What is the remainder when 2674 is divided by 168?
154
What is the remainder when 62 is divided by 20?
2
What is the remainder when 310 is divided by 38?
6
What is the remainder when 1876 is divided by 188?
184
Calculate the remainder when 435 is divided by 147.
141
Calculate the remainder when 2366 is divided by 82.
70
What is the remainder when 2069 is divided by 347?
334
What is the remainder when 369 is divided by 162?
45
What is the remainder when 2113 is divided by 235?
233
Calculate the remainder when 411 is divided by 52.
47
Calculate the remainder when 921 is divided by 11.
8
What is the remainder when 482 is divided by 192?
98
What is the remainder when 645 is divided by 34?
33
What is the remainder when 732 is divided by 228?
48
What is the remainder when 646 is divided by 130?
126
Calculate the remainder when 270 is divided by 74.
48
Calculate the remainder when 134 is divided by 31.
10
Calculate the remainder when 133 is divided by 30.
13
Calculate the remainder when 8762 is divided by 313.
311
Calculate the remainder when 366 is divided by 205.
161
What is the remainder when 403 is divided by 27?
25
Calculate the remainder when 145 is divided by 34.
9
Calculate the remainder when 2413 is divided by 78.
73
What is the remainder when 686 is divided by 16?
14
Calculate the remainder when 267 is divided by 69.
60
What is the remainder when 524 is divided by 12?
8
What is the remainder when 189 is divided by 177?
12
Calculate the remainder when 251 is divided by 28.
27
What is the remainder when 168 is divided by 39?
12
What is the remainder when 102 is divided by 70?
32
Calculate the remainder when 55 is divided by 6.
1
Calculate the remainder when 253 is divided by 55.
33
Calculate the remainder when 123 is divided by 42.
39
Calculate the remainder when 144 is divided by 32.
16
What is the remainder when 495 is divided by 83?
80
Calculate the remainder when 81 is divided by 38.
5
Calculate the remainder when 643 is divided by 54.
49
Calculate the remainder when 3749 is divided by 150.
149
Calculate the remainder when 1296 is divided by 643.
10
Calculate the remainder when 80 is divided by 21.
17
What is the remainder when 116 is divided by 111?
5
What is the remainder when 1839 is divided by 167?
2
Calculate the remainder when 353 is divided by 26.
15
Calculate the remainder when 80 is divided by 56.
24
What is the remainder when 663 is divided by 72?
15
Calculate the remainder when 866 is divided by 28.
26
What is the remainder when 171 is divided by 33?
6
Calculate the remainder when 144 is divided by 39.
27
Calculate the remainder when 86 is divided by 42.
2
Calculate the remainder when 61 is divided by 50.
11
What is the remainder when 377 is divided by 72?
17
Calculate the remainder when 1906 is divided by 41.
20
What is the remainder when 267 is divided by 118?
31
Calculate the remainder when 636 is divided by 22.
20
What is the remainder when 37297 is divided by 373?
370
What is the remainder when 487 is divided by 130?
97
What is the remainder when 10 is divided by 10?
0
What is the remainder when 2478 is divided by 54?
48
Calculate the remainder when 61 is divided by 16.
13
What is the remainder when 19027 is divided by 268?
267
Calculate the remainder when 189 is divided by 179.
10
Calculate the remainder when 5578 is divided by 49.
41
What is the remainder when 428 is divided by 155?
118
What is the remainder when 5199 is divided by 104?
103
Calculate the remainder when 5117 is divided by 88.
13
Calculate the remainder when 4530 is divided by 44.
42
Calculate the remainder when 197 is divided by 37.
12
Calculate the remainder when 143 is divided by 139.
4
What is the remainder when 4883 is divided by 30?
23
Calculate the remainder when 22 is divided by 6.
4
Calculate the remainder when 106 is divided by 39.
28
Calculate the remainder when 1711 is divided by 35.
31
Calculate the remainder when 415 is divided by 76.
35
Calculate the remainder when 21895 is divided by 56.
55
Calculate the remainder when 362 is divided by 112.
26
What is the remainder when 22 is divided by 12?
10
What is the remainder when 168 is divided by 21?
0
What is the remainder when 1242 is divided by 32?
26
Calculate the remainder when 115 is divided by 22.
5
What is the remainder when 100 is divided by 56?
44
Calculate the remainder when 74 is divided by 54.
20
What is the remainder when 819 is divided by 98?
35
What is the remainder when 304 is divided by 9?
7
Calculate the remainder when 931 is divided by 462.
7
What is the remainder when 3377 is divided by 20?
17
What is the remainder when 2001 is divided by 59?
54
Calculate the remainder when 94 is divided by 23.
2
What is the remainder when 9610 is divided by 108?
106
What is the remainder when 166 is divided by 42?
40
Calculate the remainder when 90 is divided by 7.
6
Calculate the remainder when 599 is divided by 289.
21
Calculate the remainder when 464 is divided by 36.
32
What is the remainder when 137 is divided by 21?
11
What is the remainder when 128 is divided by 26?
24
What is the remainder when 145 is divided by 73?
72
Calculate the remainder when 435 is divided by 356.
79
What is the remainder when 19 is divided by 7?
5
Calculate the remainder when 147 is divided by 4.
3
Calculate the remainder when 100 is divided by 26.
22
What is the remainder when 1039 is divided by 36?
31
Calculate the remainder when 525 is divided by 76.
69
Calculate the remainder when 7165 is divided by 32.
29
Calculate the remainder when 46 is divided by 9.
1
What is the remainder when 2434 is divided by 87?
85
Calculate the remainder when 97 is divided by 29.
10
What is the remainder when 1088 is divided by 22?
10
Calculate the remainder when 31242 is divided by 9.
3
Calculate the remainder when 62 is divided by 46.
16
Calculate the remainder when 493 is divided by 26.
25
Calculate the remainder when 9631 is divided by 17.
9
Calculate the remainder when 703 is divided by 5.
3
What is the remainder when 489 is divided by 198?
93
Calculate the remainder when 521 is divided by 75.
71
Calculate the remainder when 124 is divided by 30.
4
Calculate the remainder when 50 is divided by 8.
2
Calculate the remainder when 142 is divided by 14.
2
What is the remainder when 275 is divided by 269?
6
What is the remainder when 705 is divided by 43?
17
What is the remainder when 353 is divided by 72?
65
Calculate the remainder when 161 is divided by 46.
23
Calculate the remainder when 951 is divided by 226.
47
What is the remainder when 1196 is divided by 135?
116
Calculate the remainder when 215 is divided by 20.
15
What is the remainder when 868 is divided by 30?
28
Calculate the remainder when 5424 is divided by 175.
174
Calculate the remainder when 500 is divided by 8.
4
Calculate the remainder when 80 is divided by 6.
2
Calculate the remainder when 941 is divided by 206.
117
What is the remainder when 211 is divided by 17?
7
Calculate the remainder when 201 is divided by 4.
1
Calculate the remainder when 807 is divided by 15.
12
What is the remainder when 3167 is divided by 30?
17
Calculate the remainder when 148 is divided by 54.
40
What is the remainder when 4